ds digit of 4087273?
2
What is the ten thousands digit of 24938944?
3
What is the ten thousands digit of 7949220?
4
What is the hundred thousands digit of 9880730?
8
What is the hundreds digit of 11168229?
2
What is the hundreds digit of 13514478?
4
What is the units digit of 780886?
6
What is the thousands digit of 514004?
4
What is the hundred thousands digit of 10625820?
6
What is the thousands digit of 1014601?
4
What is the hundreds digit of 4749085?
0
What is the hundreds digit of 913597?
5
What is the ten thousands digit of 1273274?
7
What is the units digit of 416172?
2
What is the hundreds digit of 3597084?
0
What is the ten thousands digit of 2862833?
6
What is the hundreds digit of 331484?
4
What is the ten thousands digit of 161138?
6
What is the ten thousands digit of 319523?
1
What is the ten thousands digit of 8054527?
5
What is the tens digit of 1417112?
1
What is the units digit of 372364?
4
What is the units digit of 8887506?
6
What is the thousands digit of 1084517?
4
What is the hundreds digit of 9657397?
3
What is the tens digit of 14654616?
1
What is the hundred thousands digit of 388189?
3
What is the tens digit of 10074724?
2
What is the thousands digit of 2075382?
5
What is the tens digit of 106547?
4
What is the units digit of 117622?
2
What is the thousands digit of 18136751?
6
What is the ten thousands digit of 1533923?
3
What is the tens digit of 523205?
0
What is the thousands digit of 2645131?
5
What is the thousands digit of 569278?
9
What is the tens digit of 14902992?
9
What is the ten thousands digit of 723889?
2
What is the units digit of 10136?
6
What is the hundreds digit of 604223?
2
What is the ten thousands digit of 6688124?
8
What is the units digit of 1099518?
8
What is the ten thousands digit of 27671?
2
What is the units digit of 8060039?
9
What is the tens digit of 300212?
1
What is the hundred thousands digit of 191733?
1
What is the tens digit of 170989?
8
What is the tens digit of 27436?
3
What is the hundred thousands digit of 1099219?
0
What is the ten thousands digit of 327153?
2
What is the hundreds digit of 411441?
4
What is the ten thousands digit of 6627222?
2
What is the tens digit of 3942399?
9
What is the units digit of 386474?
4
What is the millions digit of 2915408?
2
What is the hundreds digit of 465648?
6
What is the units digit of 401733?
3
What is the ten thousands digit of 4742002?
4
What is the hundred thousands digit of 899629?
8
What is the thousands digit of 2790212?
0
What is the hundred thousands digit of 683810?
6
What is the thousands digit of 5889081?
9
What is the hundred thousands digit of 26126838?
1
What is the thousands digit of 17667330?
7
What is the millions digit of 1742407?
1
What is the ten thousands digit of 36496950?
9
What is the hundred thousands digit of 3982293?
9
What is the millions digit of 2013693?
2
What is the tens digit of 61719?
1
What is the tens digit of 833924?
2
What is the millions digit of 2460749?
2
What is the units digit of 3378362?
2
What is the millions digit of 7819564?
7
What is the ten thousands digit of 13395114?
9
What is the ten thousands digit of 3624430?
2
What is the hundred thousands digit of 766684?
7
What is the tens digit of 2122239?
3
What is the ten thousands digit of 214247?
1
What is the hundred thousands digit of 1240834?
2
What is the tens digit of 661495?
9
What is the hundreds digit of 2873828?
8
What is the hundreds digit of 224436?
4
What is the hundred thousands digit of 207694?
2
What is the hundreds digit of 11307445?
4
What is the ten thousands digit of 4563490?
6
What is the hundreds digit of 1140790?
7
What is the millions digit of 2891268?
2
What is the hundreds digit of 435296?
2
What is the hundreds digit of 172008?
0
What is the tens digit of 2427262?
6
What is the hundreds digit of 1639550?
5
What is the ten thousands digit of 252005?
5
What is the hundred thousands digit of 396516?
3
What is the hundred thousands digit of 4932904?
9
What is the hundred thousands digit of 110322?
1
What is the hundred thousands digit of 426415?
4
What is the units digit of 4746756?
6
What is the ten thousands digit of 441635?
4
What is the ten thousands digit of 114205?
1
What is the thousands digit of 36145?
6
What is the hundred thousands digit of 1473436?
4
What is the hundred thousands digit of 4349045?
3
What is the hundred thousands digit of 2757331?
7
What is the millions digit of 14249898?
4
What is the ten thousands digit of 331990?
3
What is the ten thousands digit of 11206759?
0
What is the millions digit of 4694647?
4
What is the thousands digit of 92211?
2
What is the ten thousands digit of 12833931?
3
What is the tens digit of 11439820?
2
What is the ten millions digit of 24703108?
2
What is the units digit of 23526554?
4
What is the hundred thousands digit of 459208?
4
What is the millions digit of 2385690?
2
What is the hundreds digit of 13693834?
8
What is the units digit of 711107?
7
What is the thousands digit of 6158802?
8
What is the ten thousands digit of 2520220?
2
What is the hundred thousands digit of 137288?
1
What is the hundreds digit of 1239965?
9
What is the hundred thousands digit of 201269?
2
What is the millions digit of 5808281?
5
What is the hundred thousands digit of 104195?
1
What is the tens digit of 6464379?
7
What is the hundreds digit of 27960480?
4
What is the tens digit of 34282?
8
What is the hundred thousands digit of 1785718?
7
What is the units digit of 170784?
4
What is the thousands digit of 212797?
2
What is the hundreds digit of 2744891?
8
What is the hundred thousands digit of 4640620?
6
What is the thousands digit of 139618?
9
What is the thousands digit of 57818?
7
What is the tens digit of 1146965?
6
What is the tens digit of 20361?
6
What is the tens digit of 449615?
1
What is the units digit of 22728378?
8
What is the units digit of 5415279?
9
What is the units digit of 1582840?
0
What is the hundred thousands digit of 25315231?
3
What is the tens digit of 506039?
3
What is the tens digit of 361226?
2
What is the hundred thousands digit of 8403862?
4
What is the units digit of 27785473?
3
What is the units digit of 10831611?
1
What is the hundred thousands digit of 496190?
4
What is the hundreds digit of 886634?
6
What is the ten thousands digit of 4705179?
0
What is the ten thousands digit of 670347?
7
What is the hundreds digit of 240440?
4
What is the hundred thousands digit of 25349761?
3
What is the hundred thousands digit of 160357?
1
What is the thousands digit of 137074?
7
What is the tens digit of 162333?
3
What is the hundreds digit of 375484?
4
What is the ten thousands digit of 2139836?
3
What is the thousands digit of 4971628?
1
What is the millions digit of 2490306?
2
What is the thousands digit of 1585691?
5
What is the tens digit of 1794970?
7
What is the ten thousands digit of 52723?
5
What is the thousands digit of 23030445?
0
What is the hundreds digit of 55578?
5
What is the hundred thousands digit of 9777691?
7
What is the units digit of 750812?
2
What is the hundreds digit of 773327?
3
What is the hundred thousands digit of 3753745?
7
What is the millions digit of 1164562?
1
What is the thousands digit of 191083?
1
What is the units digit of 62252?
2
What is the thousands digit of 74513?
4
What is the tens digit of 600564?
6
What is the thousands digit of 34205014?
5
What is the ten thousands digit of 3285283?
8
What is the hundreds digit of 775465?
4
What is the ten thousands digit of 139052?
3
What is the hundred thousands digit of 5823330?
8
What is the hundreds digit of 1296790?
7
What is the hundreds digit of 429349?
3
What is the millions digit of 1789683?
1
What is the hundred thousands digit of 36078505?
0
What is the units digit of 2551153?
3
What is the hundreds digit of 257865?
8
What is the thousands digit of 3163758?
3
What is the hundreds digit of 9949674?
6
What is the thousands digit of 28371?
8
What is the units digit of 1969593?
3
What is the ten thousands digit of 3089015?
8
What is the units digit of 21250986?
6
What is the thousands digit of 196689?
6
What is the units digit of 978769?
9
What is the hundred thousands digit of 4007506?
0
What is the ten thousands digit of 39272?
3
What is the tens digit of 647152?
5